{"id":139,"date":"2016-06-26T14:22:56","date_gmt":"2016-06-26T12:22:56","guid":{"rendered":"https:\/\/www.isolcasa.it\/reserved\/?page_id=139"},"modified":"2020-08-25T00:16:41","modified_gmt":"2020-08-24T22:16:41","slug":"informativa-privacy","status":"publish","type":"page","link":"https:\/\/www.isolcasa.it\/reserved\/informativa-privacy\/","title":{"rendered":"Informativa Privacy"},"content":{"rendered":"<h1><strong>Informativa Privacy<\/strong><\/h1>\n<p>Il presente documento contiene un\u2019informativa resa ai sensi dell\u2019art. 13 del D.Lgs. n. 196\/2003, cos\u00ec detto Codice in materia di protezione dei dati personali (\u201cCodice Privacy\u201d) e degli articoli 13 del Regolamento UE 679\/2016 (\u201cGDPR).<\/p>\n<p><strong>1 &#8211; Titolare del trattamento dei dati<\/strong><\/p>\n<p><strong>ISOLCASA<\/strong>&nbsp;s.r.l. &#8211; Via Montalbano, 1377\/o &#8211; 47842 San Giovanni in M. (RN) Tel. 0541 955505 &#8211; Fax 0541 955444, &nbsp;info@isolcasa.it, P.iva 02546590403.<\/p>\n<p><strong>2 &#8211; Tipologie di dati trattati<\/strong><\/p>\n<p><strong>2.1 &#8211; Dati di navigazione<\/strong><\/p>\n<p>I sistemi informatici e le procedure software acquisiscono, nel corso del loro normale esercizio, alcuni dati personali la cui trasmissione \u00e8 implicita nell\u2019uso di protocolli di comunicazione di internet. Si tratta di informazioni che non sono raccolte per essere associate a soggetti identificati, ma che per la loro stessa natura potrebbero permettere di identificare utenti.<br \/>\nIn questa categoria di dati rientrano (i) gli indirizzi IP o i nomi di dominio dei computer utilizzati dagli utenti che si connettono al Sito, (ii) gli indirizzi di notazione URI (Uniform Resource Identifier) delle risorse richieste, (iii) l\u2019orario della richiesta, (iv) il metodo utilizzato per sottoporre la richiesta al server, (v) la dimensione del file ottenuto in risposta, (vi) il codice numerico indicante lo stato della risposta data dal server (buon fine, errore) ed (vii) altri parametri relativi al sistema operativo e all\u2019ambiente informatico dell\u2019utente.<\/p>\n<p><strong>2.2 &#8211; Cookie<\/strong><\/p>\n<p>Per il trattamento dei dati tramite cookie, si prega di prendere visione della relativa policy, disponibile al seguente <strong><a href=\"https:\/\/www.isolcasa.it\/reserved\/cookie-policy\/\">link<\/a><\/strong>.<\/p>\n<p><strong>2.3 &#8211; Dati forniti volontariamente dall\u2019utente<\/strong><\/p>\n<p>L\u2019invio facoltativo, esplicito e volontario di posta elettronica e\/o le richieste di informazioni inviate tramite l\u2019uso della sezione \u201cContatti\u201d o, ancora, la comunicazione di propri dati per la ricezione di comunicazioni promozionali e\/o newsletter informative, comportano l\u2019acquisizione e il trattamento da parte del Titolare di tali dati e di ogni altra informazione contenuta in tali comunicazioni per le finalit\u00e0 indicate al successivo par. 3.<\/p>\n<p><strong>3 &#8211; Finalit\u00e0 e base giuridica del trattamento<\/strong><\/p>\n<p>Il trattamento dei dati personali dell\u2019Utente da parte del Titolare \u00e8 finalizzato a:<\/p>\n<p>a) perseguire, conformemente all\u2019art. 6.1, lett. f) del GDPR, un proprio legittimo interesse, consistente nel garantire la sicurezza del Sito e delle informazioni sullo stesso scambiate, ossia la capacit\u00e0 di tale Sito di resistere, a un dato livello di sicurezza, a eventi imprevisti o ad atti illeciti o dolosi che compromettano la disponibilit\u00e0, l\u2019autenticit\u00e0, l\u2019integrit\u00e0 e la riservatezza dei dati personali conservati o trasmessi e la sicurezza dei relativi servizi offerti o resi accessibili;<br \/>\nb) con il consenso dell\u2019Utente, ex art. 6.1, lett. a) del GDPR, inviare tramite posta elettronica comunicazioni promozionali e\/o newsletter informative aventi ad oggetto prodotti e\/o servizi di Isolcasa;<br \/>\nc) permettere all\u2019Utente di chiedere informazioni in merito ai servizi promozionati dal Titolare sul Sito e fornire all\u2019Utente stesso, ai sensi dell\u2019art. 6.1, lett. b) del GDPR, l\u2019eventuale riscontro e\/o preventivo richiesto.<\/p>\n<p><strong>4 &#8211; Conseguenze di un eventuale rifiuto di rispondere<\/strong><\/p>\n<p>A parte quanto specificato con riferimento ai dati di navigazione, che sono necessari al fine di consentire la corretta funzionalit\u00e0 del Sito, ai cookie, in relazione ai quali si prega di prendere visione della relativa cookie policy, e ai dati contenuti nelle richieste di informazioni, gli Utenti sono liberi di fornire i propri dati personali:<\/p>\n<p>(i) per ricevere, tramite posta elettronica, comunicazioni promozionali e\/o newsletter informative aventi ad oggetto beni e\/o servizi di Isolcasa Srl.<\/p>\n<p>Il mancato conferimento di tali dati comporta per l\u2019Utente l\u2019impossibilit\u00e0 di restare aggiornato sulle novit\u00e0 e\/o sui servizi di Isolcasa Srl.<br \/>\nIl Titolare, in ogni caso, informa gli Utenti dell\u2019esistenza del diritto di revocare in ogni momento il consenso reso per il trattamento dei dati di cui al precedente punto (i), senza pregiudicare la liceit\u00e0 del trattamento basata sul consenso prestato prima della revoca.<\/p>\n<p><strong>5 &#8211; Modalit\u00e0 del trattamento<\/strong><\/p>\n<p>I dati personali sono trattati con sistemi manuali, informatici e automatizzati per il tempo necessario a conseguire gli scopi per cui sono raccolti.&nbsp;&nbsp;&nbsp;&nbsp;&nbsp;&nbsp;&nbsp;&nbsp;&nbsp;&nbsp;&nbsp;&nbsp;&nbsp;&nbsp;&nbsp;&nbsp;&nbsp;&nbsp;&nbsp;&nbsp;&nbsp;&nbsp;&nbsp;&nbsp;&nbsp;&nbsp;&nbsp;&nbsp;&nbsp;&nbsp;&nbsp;&nbsp;&nbsp;&nbsp;&nbsp;&nbsp;&nbsp;&nbsp;&nbsp;&nbsp;&nbsp;&nbsp;&nbsp;&nbsp;&nbsp;&nbsp;&nbsp;&nbsp;&nbsp;&nbsp;&nbsp;&nbsp;&nbsp;&nbsp;&nbsp;&nbsp;&nbsp;&nbsp;&nbsp;&nbsp;&nbsp;&nbsp;&nbsp;&nbsp;&nbsp;&nbsp;&nbsp;&nbsp;&nbsp;&nbsp;&nbsp;&nbsp;&nbsp;&nbsp;&nbsp;&nbsp;&nbsp;&nbsp;&nbsp;&nbsp;&nbsp;&nbsp;&nbsp;&nbsp;&nbsp;&nbsp; .<br \/>\nSi precisa, in particolare, che i dati personali dell\u2019Utente sono oggetto di trattamento da parte di soggetti debitamente incaricati all\u2019assolvimento di tali compiti, costantemente identificati e\/o nominati, opportunamente istruiti e resi edotti dai vincoli imposti dalla legge, nonch\u00e9 mediante l\u2019impiego di misure di sicurezza atte a garantire la tutela della Sua riservatezza e ad evitare i rischi di perdita o distruzione, di accessi non autorizzati, di trattamenti non consentiti o non conformi alle finalit\u00e0 di cui sopra.<\/p>\n<p><strong>6 &#8211; Comunicazione e diffusione dei dati<\/strong><\/p>\n<p>I dati personali raccolti non verranno comunicati, venduti o ceduti a terzi, salve le ipotesi previste per legge.<br \/>\nE\u2019 fatta salva, in ogni caso, la comunicazione di dati a societ\u00e0 espressamente incaricate a svolgere determinate prestazioni nell\u2019ambito dell\u2019attivit\u00e0 svolta dal Titolare e\/o, in generale, in suo favore, che opereranno in qualit\u00e0 di titolari autonomi e\/o responsabili del trattamento, nonch\u00e9 la comunicazione e\/o diffusione di dati richiesti, in conformit\u00e0 alla legge, da forze di polizia, dall\u2019autorit\u00e0 giudiziaria, da organismi di informazione e sicurezza o da altri soggetti pubblici per finalit\u00e0 di difesa o di sicurezza dello Stato o di prevenzione, accertamento o repressione dei reati.<\/p>\n<p><strong>7 &#8211; Diritti dell\u2019interessato<\/strong><\/p>\n<p>Ai sensi dell\u2019art. 7 del Codice Privacy e degli artt. 15 e ss. del GDPR, l\u2019Utente ha il diritto di ottenere:<\/p>\n<p><u><\/u>1. la conferma dell\u2019esistenza o meno di dati personali che La riguardano, anche se non ancora registrati, e la loro comunicazione in forma intelligibile;<br \/>\n<strong><u>2.<\/u><\/strong> una copia dei Suoi dati personali;<br \/>\n<strong><u>3.<\/u><\/strong> la rettifica dei Suoi dati personali eventualmente inesatti;<br \/>\n<strong><u>4.<\/u><\/strong> la cancellazione dei Suoi dati personali;<br \/>\n<strong><u>5.<\/u><\/strong> la limitazione del trattamento dei Suoi dati personali;<br \/>\n<strong><u>6.<\/u><\/strong> in un formato strutturato, di uso comune e leggibile da dispositivo automatico i dati personali che Lei ci ha fornito o che Lei stesso ha creato \u2013 esclusi i giudizi creati dal Titolare e\/o dagli incaricati ex art. 4 del Codice Privacy \/ dalle persone autorizzate a trattare i dati a nome e per conto del Titolare ex art. 4 del GDPR \u2013 e di trasmetterli, direttamente o per mezzo del Titolare, ad un altro titolare del trattamento;<br \/>\n<strong>7.<\/strong> \u2019indicazione:<br \/>\na) dell\u2019origine dei dati personali;<br \/>\nb) delle categorie di dati personali trattati;<br \/>\nc) delle finalit\u00e0 e modalit\u00e0 del trattamento;<br \/>\nd) della logica applicata in caso di trattamento effettuato con l\u2019ausilio di strumenti elettronici;<br \/>\ne) degli estremi identificativi del Titolare e degli eventuali responsabili;<br \/>\nf) del periodo di conservazione dei Suoi dati personali o dei criteri utili per la determinazione di tale periodo;<br \/>\ng) dei soggetti o delle categorie di soggetti ai quali i dati personali possono essere comunicati o che possono venirne a conoscenza in qualit\u00e0 di rappresentante designato nel territorio dello Stato, di responsabili o di incaricati ex art. 4 del Codice Privacy \/ persone autorizzate a trattare i dati a nome e per conto del Titolare ex art. 4 del GDPR;<br \/>\nh) l\u2019aggiornamento, la rettificazione ovvero, quando Vi ha interesse, l\u2019integrazione dei dati;<br \/>\ni) la trasformazione in forma anonima o il blocco dei dati trattati in violazione di legge, compresi quelli di cui non \u00e8 necessaria la conservazione in relazione agli scopi per i quali i dati sono stati raccolti o successivamente trattati;<br \/>\nj) l\u2019attestazione che le operazioni di cui alle lettere a) e b) sono state portate a conoscenza, anche per quanto riguarda il loro contenuto, di coloro ai quali i dati sono stati comunicati o diffusi, eccettuato il caso in cui tale adempimento si rivela impossibile o comporta un impiego di mezzi manifestamente sproporzionato rispetto al diritto tutelato.<br \/>\n<u><\/u><\/p>\n<p><strong><u>8 &#8211;&nbsp;<\/u><\/strong>L\u2019Utente, inoltre, ha diritto di opporsi, in tutto o in parte:<br \/>\na) per motivi legittimi, al trattamento dei dati personali che La riguardano, ancorch\u00e9 pertinenti allo scopo della raccolta;<br \/>\nb) al trattamento di dati personali che La riguardano a fini di invio di materiale pubblicitario o di vendita diretta o per il compimento di ricerche di mercato o di comunicazione commerciale.<br \/>\nPer esercitare i suddetti diritti, gli Utenti possono inviare una comunicazione all\u2019indirizzo di posta elettronica del Titolare, di cui al precedente art. 1, indicando in oggetto \u201cPrivacy \u2013 esercizio dei diritti ex art. 7 del D.Lgs. 196\/2003 ed ex artt. 15 e ss. del GDPR\u201d.<br \/>\nLa informiamo, da ultimo, che qualora ritenga che i Suoi diritti siano stati violati dal Titolare e\/o da un terzo, Lei ha il diritto di proporre reclamo al Garante per la Protezione dei Dati Personali e\/o ad altra autorit\u00e0 di controllo competente in forza del GDPR.<\/p>\n<p><strong>9 &#8211; Durata del trattamento e conservazione dei dati personali<\/strong><\/p>\n<p>I dati personali dell\u2019Utente saranno trattati dal Titolare per il solo periodo di tempo necessario al raggiungimento delle finalit\u00e0 del trattamento di cui al precedente articolo 3, dopodich\u00e9 verranno conservati unicamente in esecuzione degli obblighi di legge vigenti in materia, per finalit\u00e0 di tipo amministrativo e\/o per far valere o difendere un proprio diritto, in caso di contenziosi e precontenziosi. I dati personali trattati per l\u2019invio di newsletter, invece, saranno trattati fino a quando il Titolare non ricever\u00e0 la revoca del consenso che l\u2019Utente gli avr\u00e0 eventualmente fornito.<\/p>\n","protected":false},"excerpt":{"rendered":"<p>Informativa Privacy Il presente documento contiene un\u2019informativa resa ai sensi dell\u2019art. 13 del D.Lgs. n. 196\/2003, cos\u00ec detto Codice in materia di protezione dei dati personali<span class=\"excerpt-hellip\"> [\u2026]<\/span><\/p>\n","protected":false},"author":1,"featured_media":0,"parent":0,"menu_order":0,"comment_status":"closed","ping_status":"closed","template":"","meta":[],"_links":{"self":[{"href":"https:\/\/www.isolcasa.it\/reserved\/wp-json\/wp\/v2\/pages\/139"}],"collection":[{"href":"https:\/\/www.isolcasa.it\/reserved\/wp-json\/wp\/v2\/pages"}],"about":[{"href":"https:\/\/www.isolcasa.it\/reserved\/wp-json\/wp\/v2\/types\/page"}],"author":[{"embeddable":true,"href":"https:\/\/www.isolcasa.it\/reserved\/wp-json\/wp\/v2\/users\/1"}],"replies":[{"embeddable":true,"href":"https:\/\/www.isolcasa.it\/reserved\/wp-json\/wp\/v2\/comments?post=139"}],"version-history":[{"count":1,"href":"https:\/\/www.isolcasa.it\/reserved\/wp-json\/wp\/v2\/pages\/139\/revisions"}],"predecessor-version":[{"id":10982,"href":"https:\/\/www.isolcasa.it\/reserved\/wp-json\/wp\/v2\/pages\/139\/revisions\/10982"}],"wp:attachment":[{"href":"https:\/\/www.isolcasa.it\/reserved\/wp-json\/wp\/v2\/media?parent=139"}],"curies":[{"name":"wp","href":"https:\/\/api.w.org\/{rel}","templated":true}]}}